*n - 40 = -c. Calculate the highest common factor of c and 115.
23
Let p be 1/(1/3*3). Calculate the greatest common factor of 9 and p.
1
Suppose -4*d + 180 = 2*z, -d + 16 = z - 77. Suppose c = 0, 3*c - z = -3*s + 2*c. What is the greatest common factor of 8 and s?
8
Suppose -2*j - 3*o = -7, -2*j + 0*o = -4*o - 42. What is the highest common factor of j and 22?
11
Suppose 42 = 2*c - 2. What is the greatest common factor of c and 77?
11
Suppose -h - 48 = -7*t + 3*t, -3*t - 5*h + 36 = 0. What is the highest common divisor of t and 60?
12
Let i(g) be the third derivative of -g**4/8 - g**3/6 + g**2. Let f be i(-1). Suppose -q + 6 = f*q. What is the greatest common factor of 22 and q?
2
Let o(z) = -z**2 - 18*z + 23. Let k be o(-16). What is the greatest common factor of k and 5?
5
Suppose -3*h - 2*m + 369 = 0, 4*h = -0*m - 5*m + 485. Calculate the greatest common factor of 50 and h.
25
Let g(d) = -d**3 + 8*d**2 - 7*d - 10. Let v be g(6). Calculate the greatest common divisor of v and 10.
10
Suppose 0 = -2*p + 6, -5*v - 5*p - 2 = 133. Let t = 50 - v. Calculate the highest common factor of 16 and t.
16
Suppose 10 = -w + 4*r, 6*r - 2*r - 2 = -3*w. Let t = 8 + w. Suppose x + 70 = t*x. What is the highest common factor of 126 and x?
14
Let g = 36 - -59. Calculate the greatest common divisor of g and 19.
19
Suppose -83 = -4*o - 3*a, -o + 18 = -0*o - 2*a. Calculate the highest common divisor of o and 220.
20
Let z be (-2 - -3)/((-2)/(-18)). What is the highest common divisor of 3 and z?
3
Suppose 2*b = -25*b + 1080. Calculate the highest common divisor of 32 and b.
8
Suppose 2*v - 24 = -2*v. Suppose -v*b + 176 = -4*b. What is the greatest common factor of 8 and b?
8
Let v be 39/52*1*8. Calculate the greatest common factor of v and 6.
6
Suppose 0 = -4*f + 37 + 35. Calculate the highest common divisor of 72 and f.
18
Let s(q) = -q**3 - 2*q**2 - 2*q + 4. Let y be s(-3). Suppose 5*o - 46 - y = 0. Calculate the greatest common divisor of 26 and o.
13
Suppose 0 = -g - 1 - 1, 2*i + 3*g = 0. Suppose 2*z + i*o = z + 14, 4*o = -z + 12. Calculate the highest common divisor of z and 50.
10
Let d(u) = -83*u + 4. Let f be d(-2). Suppose 2*v - h - 84 = 2*h, -4*v + 5*h = -f. Calculate the greatest common divisor of v and 5.
5
Suppose 0 = 12*c - 1069 - 83. Suppose -5*a + 37 = -23. Calculate the greatest common factor of c and a.
12
Let k be 3/6 + (-1)/2. Suppose k*t + 3*t = 0, 40 = 5*r - 2*t. Let n = 8 - 6. What is the greatest common divisor of n and r?
2
Suppose -47 = -c - 3*y, -2*c + 2*y + 156 = 38. Calculate the greatest common divisor of 7 and c.
7
Suppose -2*v + 88 = 4*z, 0 = 3*z + 3*v - 16 - 56. What is the highest common factor of z and 220?
20
Let k(t) = -6*t**3 + 2*t**2 + t. Let m be k(-1). What is the greatest common factor of m and 63?
7
Let y be 6/(-3) - -2 - -1. Let m(i) = y + 3*i + 3*i - 3*i. Let v be m(3). Calculate the highest common divisor of 90 and v.
10
Let h be (-3 + 3)/((-3)/(-1)). Suppose 30 = -h*f + f. Calculate the greatest common factor of f and 12.
6
Let a = -14 - -56. What is the highest common divisor of 28 and a?
14
Let b = 109 + -54. What is the greatest common divisor of 22 and b?
11
Let p be 535/10 + (-2)/4. Suppose -3*w - s + p = -26, -s = 4*w - 106. Calculate the greatest common divisor of w and 18.
9
Suppose 0 = 4*y - 9*y + 25. Let m(t) = t**3 - 5*t**2 + 4*t - 2. Let v be m(y). Suppose 4*l = 46 + v. Calculate the greatest common factor of 8 and l.
8
Suppose -4*f - 66 = -4*p - 2*f, 2*p = 5*f + 53. Calculate the highest common factor of p and 2.
2
Suppose 2*o - 100 = -10. Let d = -5 + 19. Suppose -j + d + 4 = 0. What is the greatest common factor of o and j?
9
Let q be ((-3)/9)/((-1)/18). Let o be 123 + 1 - (q - 3). Calculate the highest common factor of 11 and o.
11
Let o = 77 - -53. Suppose 5*m = 3*m + o. What is the greatest common divisor of m and 13?
13
Let r be 4*((-13)/4 + 4). Calculate the highest common divisor of 24 and r.
3
Let t = 31 - 24. Calculate the highest common factor of t and 56.
7
Let k(t) = -3*t + 9*t**2 - 1 - 1 + 0. Let j be k(3). Let f be -1 - 2/4*-22. Calculate the greatest common divisor of j and f.
10
Let y be (136/(-20))/(1/(-10)). Calculate the highest common factor of y and 170.
34
Let m(h) be the first derivative of -17*h**4/2 + h**3/3 + h**2/2 + h + 2. Let w be m(-1). Calculate the greatest common divisor of w and 7.
7
Let k(r) = -6*r**2 + r. Let q be k(-1). Let x(z) = z**3 + 6*z**2. Let h be x(q). Let s = -34 - h. Calculate the highest common divisor of 10 and s.
5
Suppose 2*b - j - 111 = 0, 3*b = -0*j + 4*j + 169. Let z(r) = -r**3 + 8*r**2 - 13*r + 11. Let n be z(6). Calculate the highest common factor of b and n.
5
Let h = 17 - 8. What is the highest common divisor of 45 and h?
9
Let p(o) = -10*o**3 + 2*o**2 + o. Let z be p(-1). Let u(i) = -2*i**2 - 13*i + 71. Let w be u(-10). What is the greatest common factor of z and w?
1
Let p = 9 + -47. Let h = 70 + p. Let y = 65 - h. What is the highest common divisor of y and 22?
11
Let p(c) = c**2 - 6*c + 1. Let t be p(5). Let b be -10*t*(4 - 2). Suppose -5*u + 6*u = b. What is the greatest common factor of u and 10?
10
Suppose 3*l = 2*q - 95, 0*q + 145 = 3*q - 2*l. Calculate the highest common divisor of q and 7.
7
Let d = -64 - -149. Calculate the greatest common factor of d and 34.
17
Suppose 5*h + 15 + 0 = -4*s, 2*h = -6. Let l(x) = x**3 - x**2 - x + 6. Let y be l(s). What is the highest common divisor of 18 and y?
6
Let x = 2 - -1. Let c(b) = b**3 - b**2 - 2. Let p be c(2). Suppose 0 = -x*m - p*i + 332 - 56, 5*i = -5*m + 465. Calculate the highest common factor of 18 and m.
18
Suppose 0 = -z, v - 6 = -3*z - 3. Calculate the greatest common factor of v and 12.
3
Suppose 0 = -n + 7*n - 510. Calculate the highest common divisor of n and 51.
17
Let n(h) = 2*h - 8. Let u be n(6). Suppose -3*a + 2 = -u. What is the highest common factor of a and 6?
2
Let q = -15 - -28. Let v be (-18)/(-4) + 1/(-2). Let h be (39*v)/((-18)/(-12)). What is the highest common divisor of q and h?
13
Let z(m) = -9*m + 33. Let o be z(3). Let j be -1 - (-4)/2 - -23. What is the greatest common factor of j and o?
6
Suppose -17*g = -12*g, 2*i + 5*g - 250 = 0. Let p = 45 - 20. Calculate the highest common factor of p and i.
25
Let l(u) = 4*u**2 + u - 2. Let f be l(-2). Calculate the greatest common factor of 36 and f.
12
Let j(i) = -i**3 + 7*i**2 + 3*i + 4. Let h be j(4). Calculate the greatest common factor of 64 and h.
64
Let o(h) = 3*h - 4. Let j be o(-4). Let z = -6 - j. Calculate the highest common divisor of z and 110.
10
Suppose -6*y - 8*y = -84. Calculate the highest common factor of 12 and y.
6
Suppose -5 + 1 = -r. Suppose -y + 40 = r*y. What is the highest common divisor of 16 and y?
8
Let j = 20 + -6. Let z be ((-9)/(-6))/3*12. Let b(s) = -s**3 + 7*s**2 + 3*s + 2. Let i be b(z). Calculate the greatest common factor of i and j.
14
Let b be (-3)/((66/(-124))/11). Calculate the highest common factor of 93 and b.
31
Let l = -310 - -475. Let d be 7/(-1*2/(-10)). Let z = d + -20. What is the highest common factor of z and l?
15
Suppose 4*n + 45 = 213. What is the greatest common factor of n and 14?
14
Suppose -52 = -4*o - 4*r, -o + 6*o - 20 = 4*r. What is the highest common divisor of 72 and o?
8
Let s be 9 + -9 - (1 - 0). Let t(z) = -2*z + 18*z**2 - z**2 + 3*z. Let f be t(s). Calculate the highest common factor of f and 24.
8
Suppose -2*z - 2353 = -7*z + 3*m, 3*z + 2*m - 1427 = 0. Calculate the highest common divisor of z and 43.
43
Let c(d) = -d**2 - 5*d - 2. Let s be c(-3). Let v = s - 4. Suppose 4*i - 8 - 4 = v. What is the highest common factor of i and 21?
3
Let y = 6 - 2. Suppose 0 = y*d - 0*d - 68. Calculate the highest common factor of 136 and d.
17
Let i(s) = -s + 9. Let o be i(7). What is the greatest common factor of 2 and o?
2
Let m(x) = 2*x**2 - 5*x. Let h be m(-4). Suppose 4*p - h = -2*f, -4*f = -p - 0*p + 13. Calculate the highest common factor of p and 91.
13
Let s = -16 + 30. What is the highest common divisor of s and 14?
14
Suppose -5*j = -2*k - 113, -3*j - k = -18 - 41. Calculate the greatest common divisor of j and 3.
3
Suppose -205 = -j - 40. What is the highest common factor of j and 66?
33
Let k(d) = -d**2 - 14*d + 2. Let r be k(-13). Let l(m) = m + 15. Le